{"id":17,"date":"2015-01-23T10:07:42","date_gmt":"2015-01-23T10:07:42","guid":{"rendered":"http:\/\/sg-hohenems.at\/?page_id=17"},"modified":"2026-01-02T12:23:51","modified_gmt":"2026-01-02T12:23:51","slug":"vorstand","status":"publish","type":"page","link":"http:\/\/sg-hohenems.at\/?page_id=17","title":{"rendered":"Vorstand"},"content":{"rendered":"\n<p class=\"has-text-align-center\"><strong>Obersch\u00fctzenmeister<\/strong><\/p>\n\n\n\n<p class=\"has-text-align-center\">Bernd G\u00e4chter<\/p>\n\n\n\n<p class=\"has-text-align-center\"><\/p>\n\n\n\n<p class=\"has-text-align-center\"><strong>Sch\u00fctzenmeisterin<\/strong><\/p>\n\n\n\n<p class=\"has-text-align-center\">Eszter Tibold<\/p>\n\n\n\n<p class=\"has-text-align-center\"><\/p>\n\n\n\n<p class=\"has-text-align-center\"><strong>Sch\u00fctzenmeister<\/strong><\/p>\n\n\n\n<p class=\"has-text-align-center\">Norbert Bischof<\/p>\n\n\n\n<p class=\"has-text-align-center\"><\/p>\n\n\n\n<p class=\"has-text-align-center\"><strong>Schriftf\u00fchrer \/ Kassier<\/strong><\/p>\n\n\n\n<p class=\"has-text-align-center\">Burkhard Mangold<\/p>\n\n\n\n<p class=\"has-text-align-center\"><\/p>\n\n\n\n<p class=\"has-text-align-center\"><strong>Beirat<\/strong><\/p>\n\n\n\n<p class=\"has-text-align-center\">Josef Heuberger<\/p>\n\n\n\n<figure class=\"wp-block-image size-large\"><img decoding=\"async\" loading=\"lazy\" width=\"1480\" height=\"1005\" src=\"http:\/\/sg-hohenems.at\/wp-content\/uploads\/PI6A5701_k-1480x1005.jpg\" alt=\"\" class=\"wp-image-1959\" srcset=\"http:\/\/sg-hohenems.at\/wp-content\/uploads\/PI6A5701_k-1480x1005.jpg 1480w, http:\/\/sg-hohenems.at\/wp-content\/uploads\/PI6A5701_k-300x204.jpg 300w, http:\/\/sg-hohenems.at\/wp-content\/uploads\/PI6A5701_k-768x522.jpg 768w, http:\/\/sg-hohenems.at\/wp-content\/uploads\/PI6A5701_k-1536x1043.jpg 1536w, http:\/\/sg-hohenems.at\/wp-content\/uploads\/PI6A5701_k-2048x1391.jpg 2048w, http:\/\/sg-hohenems.at\/wp-content\/uploads\/PI6A5701_k-1120x761.jpg 1120w, http:\/\/sg-hohenems.at\/wp-content\/uploads\/PI6A5701_k-1040x706.jpg 1040w\" sizes=\"(max-width: 1480px) 100vw, 1480px\" \/><\/figure>\n","protected":false},"excerpt":{"rendered":"<p>Obersch\u00fctzenmeister Bernd G\u00e4chter Sch\u00fctzenmeisterin Eszter Tibold Sch\u00fctzenmeister Norbert Bischof Schriftf\u00fchrer \/ Kassier Burkhard Mangold Beirat Josef Heuberger<\/p>\n","protected":false},"author":6,"featured_media":0,"parent":41,"menu_order":0,"comment_status":"closed","ping_status":"open","template":"","meta":[],"_links":{"self":[{"href":"http:\/\/sg-hohenems.at\/index.php?rest_route=\/wp\/v2\/pages\/17"}],"collection":[{"href":"http:\/\/sg-hohenems.at\/index.php?rest_route=\/wp\/v2\/pages"}],"about":[{"href":"http:\/\/sg-hohenems.at\/index.php?rest_route=\/wp\/v2\/types\/page"}],"author":[{"embeddable":true,"href":"http:\/\/sg-hohenems.at\/index.php?rest_route=\/wp\/v2\/users\/6"}],"replies":[{"embeddable":true,"href":"http:\/\/sg-hohenems.at\/index.php?rest_route=%2Fwp%2Fv2%2Fcomments&post=17"}],"version-history":[{"count":48,"href":"http:\/\/sg-hohenems.at\/index.php?rest_route=\/wp\/v2\/pages\/17\/revisions"}],"predecessor-version":[{"id":1962,"href":"http:\/\/sg-hohenems.at\/index.php?rest_route=\/wp\/v2\/pages\/17\/revisions\/1962"}],"up":[{"embeddable":true,"href":"http:\/\/sg-hohenems.at\/index.php?rest_route=\/wp\/v2\/pages\/41"}],"wp:attachment":[{"href":"http:\/\/sg-hohenems.at\/index.php?rest_route=%2Fwp%2Fv2%2Fmedia&parent=17"}],"curies":[{"name":"wp","href":"https:\/\/api.w.org\/{rel}","templated":true}]}}